{"id":103,"date":"2025-04-10T12:04:14","date_gmt":"2025-04-10T12:04:14","guid":{"rendered":"http:\/\/192.168.0.35\/wordpress\/?page_id=103"},"modified":"2025-04-10T12:14:29","modified_gmt":"2025-04-10T12:14:29","slug":"wat-doet-marduc","status":"publish","type":"page","link":"https:\/\/www.marduc.nl\/wordpress\/wat-doet-marduc\/","title":{"rendered":"Wat doet marduc?"},"content":{"rendered":"\n<p>marduc is een gespecialiseerd adviesbedrijf dat hoogwaardige CFO-diensten biedt aan organisaties van diverse omvang en sectoren. Met een focus op financi\u00eble strategie, risicobeheer en operationele effici\u00ebntie, stelt marduc bedrijven in staat om hun financi\u00eble processen te optimaliseren, groei te versnellen en strategische doelstellingen te realiseren.<\/p>\n\n\n\n<p>Met een ervaren professional levert worden op maat gemaakte oplossingen geboden die inspelen op de unieke behoeften van de klant, waarbij een pragmatische en resultaatgerichte benadering centraal staat. Of het nu gaat om tijdelijke ondersteuning of een langdurige samenwerking, marduc biedt de expertise en het inzicht om de financi\u00eble stabiliteit en prestaties van bedrijven te versterken.<\/p>\n\n\n\n<p><\/p>\n\n\n\n<p>Concrete diensten die marduc levert zijn:<\/p>\n\n\n\n<ul class=\"wp-block-list\">\n<li>Begeleiden &#8220;exit readiness&#8221;<\/li>\n\n\n\n<li>Begeleiden herfinancieringen<\/li>\n\n\n\n<li>Interim Finance Director en CFO rollen<\/li>\n\n\n\n<li>Integratie van portfolio companies<\/li>\n\n\n\n<li>Optimalisatie van financi\u00eble processen<\/li>\n\n\n\n<li>Implementatie van ERP pakketten<\/li>\n<\/ul>\n","protected":false},"excerpt":{"rendered":"<p>marduc is een gespecialiseerd adviesbedrijf dat hoogwaardige CFO-diensten biedt aan organisaties van diverse omvang en sectoren. Met een focus op financi\u00eble strategie, risicobeheer en operationele effici\u00ebntie, stelt marduc bedrijven in staat om hun financi\u00eble processen te optimaliseren, groei te versnellen en strategische doelstellingen te realiseren. Met een ervaren professional levert worden op maat gemaakte oplossingen [&hellip;]<\/p>\n","protected":false},"author":1,"featured_media":0,"parent":0,"menu_order":0,"comment_status":"closed","ping_status":"closed","template":"","meta":{"footnotes":""},"class_list":["post-103","page","type-page","status-publish","hentry"],"_links":{"self":[{"href":"https:\/\/www.marduc.nl\/wordpress\/wp-json\/wp\/v2\/pages\/103","targetHints":{"allow":["GET"]}}],"collection":[{"href":"https:\/\/www.marduc.nl\/wordpress\/wp-json\/wp\/v2\/pages"}],"about":[{"href":"https:\/\/www.marduc.nl\/wordpress\/wp-json\/wp\/v2\/types\/page"}],"author":[{"embeddable":true,"href":"https:\/\/www.marduc.nl\/wordpress\/wp-json\/wp\/v2\/users\/1"}],"replies":[{"embeddable":true,"href":"https:\/\/www.marduc.nl\/wordpress\/wp-json\/wp\/v2\/comments?post=103"}],"version-history":[{"count":3,"href":"https:\/\/www.marduc.nl\/wordpress\/wp-json\/wp\/v2\/pages\/103\/revisions"}],"predecessor-version":[{"id":108,"href":"https:\/\/www.marduc.nl\/wordpress\/wp-json\/wp\/v2\/pages\/103\/revisions\/108"}],"wp:attachment":[{"href":"https:\/\/www.marduc.nl\/wordpress\/wp-json\/wp\/v2\/media?parent=103"}],"curies":[{"name":"wp","href":"https:\/\/api.w.org\/{rel}","templated":true}]}}